mposite?
False
Is 74551 a prime number?
True
Is 126677 prime?
False
Is 52051 a composite number?
False
Is 142377 a prime number?
False
Is 19235 a composite number?
True
Is 5077 a prime number?
True
Is 46021 a prime number?
True
Is 574565 a prime number?
False
Is 124003 a prime number?
False
Is 443 composite?
False
Is 163919 prime?
False
Is 134 a composite number?
True
Is 81859 a prime number?
False
Is 6737 a composite number?
False
Is 30399 prime?
False
Is 903899 prime?
True
Is 1223159 prime?
False
Is 18743 a composite number?
False
Is 66643 a composite number?
False
Is 37486 composite?
True
Is 171811 a composite number?
False
Is 88217 composite?
True
Is 17957 prime?
True
Is 62431 prime?
False
Is 13367 prime?
True
Is 1583989 prime?
False
Is 7787 a prime number?
False
Is 25567 a prime number?
False
Is 32137 composite?
True
Is 479 prime?
True
Is 71129 composite?
False
Is 562963 a composite number?
False
Is 242357 composite?
False
Is 26689 a composite number?
True
Is 8351 a prime number?
False
Is 2477 prime?
True
Is 25969 a composite number?
False
Is 227789 composite?
False
Is 62462 a prime number?
False
Is 8419 composite?
False
Is 18859 a prime number?
True
Is 3989 a composite number?
False
Is 19807 composite?
True
Is 1895 prime?
False
Is 1404677 a composite number?
True
Is 3334 a composite number?
True
Is 185389 composite?
True
Is 14969 a prime number?
True
Is 95833 a composite number?
True
Is 911167 a composite number?
False
Is 808981 a prime number?
True
Is 40423 composite?
False
Is 1470403 composite?
True
Is 702263 a prime number?
False
Is 15253 composite?
True
Is 107171 prime?
True
Is 172483 composite?
True
Is 172461 a composite number?
True
Is 31615 composite?
True
Is 14759 a prime number?
True
Is 256069 composite?
True
Is 2431007 a prime number?
True
Is 155327 a prime number?
True
Is 5569 composite?
False
Is 104474 a composite number?
True
Is 845099 a prime number?
True
Is 11846 a prime number?
False
Is 2072087 composite?
False
Is 331 a prime number?
True
Is 11307 prime?
False
Is 51563 a composite number?
False
Is 1507 prime?
False
Is 769 a composite number?
False
Is 446983 a composite number?
False
Is 221019 a prime number?
False
Is 18695 a prime number?
False
Is 43597 composite?
False
Is 358817 a composite number?
True
Is 66529 composite?
False
Is 1031 prime?
True
Is 87767 composite?
False
Is 81839 prime?
True
Is 42754 a prime number?
False
Is 27611 a composite number?
False
Is 70429 a composite number?
False
Is 47407 a composite number?
False
Is 121897 composite?
True
Is 367351 a prime number?
False
Is 1385 a composite number?
True
Is 7023 composite?
True
Is 183403 a composite number?
True
Is 19707 a composite number?
True
Is 27121 a prime number?
False
Is 35753 a prime number?
True
Is 151007 prime?
True
Is 28343 a composite number?
True
Is 81013 prime?
True
Is 6113 a composite number?
False
Is 11747 composite?
True
Is 452923 a prime number?
True
Is 76031 a composite number?
False
Is 10639 a composite number?
False
Is 120319 a composite number?
False
Is 13355 composite?
True
Is 8779 a composite number?
False
Is 46861 a composite number?
False
Is 5923 prime?
True
Is 119 prime?
False
Is 624959 composite?
True
Is 3883 a prime number?
False
Is 633 composite?
True
Is 3271 a composite number?
False
Is 99961 a prime number?
True
Is 13303 a composite number?
True
Is 141 composite?
True
Is 491 prime?
True
Is 5387 prime?
True
Is 35491 a composite number?
False
Is 37255 composite?
True
Is 4939 a prime number?
False
Is 213238 composite?
True
Is 49871 prime?
True
Is 1193 prime?
True
Is 21427 prime?
False
Is 4347323 prime?
False
Is 8329 prime?
True
Is 438931 a prime number?
False
Is 296683 composite?
False
Is 47161 a composite number?
False
Is 467 a composite number?
False
Is 849857 composite?
False
Is 158201 a prime number?
True
Is 11013 a prime number?
False
Is 372133 composite?
True
Is 16319 a composite number?
False
Is 14138 a prime number?
False
Is 65963 composite?
False
Is 285191 prime?
True
Is 701543 a composite number?
True
Is 5331 a composite number?
True
Is 1366727 a prime number?
False
Is 1283 composite?
False
Is 4847 composite?
True
Is 7984739 a composite number?
True
Is 679 composite?
True
Is 4151 a prime number?
False
Is 13441 a prime number?
True
Is 42169 composite?
False
Is 21053 composite?
True
Is 5669 a prime number?
True
Is 52034 a prime number?
False
Is 766807 a prime number?
True
Is 8767 prime?
False
Is 1738735 a prime number?
False
Is 36809 a prime number?
True
Is 2291 composite?
True
Is 86813 a composite number?
False
Is 270407 composite?
False
Is 81317 composite?
True
Is 69157 a prime number?
False
Is 35071 a composite number?
True
Is 8894 prime?
False
Is 15713 a composite number?
True
Is 2496577 a prime number?
True
Is 14279 a composite number?
True
Is 610063 a composite number?
False
Is 51079 composite?
True
Is 130079 a composite number?
False
Is 55999 a prime number?
False
Is 892727 composite?
True
Is 30133 prime?
True
Is 1437 composite?
True
Is 178013 a prime number?
False
Is 17231 prime?
True
Is 3641 a composite number?
True
Is 12781 a composite number?
False
Is 5458 prime?
False
Is 6037 prime?
True
Is 320453 composite?
True
Is 114157 a composite number?
False
Is 1135 a composite number?
True
Is 8465 prime?
False
Is 2159 a composite number?
True
Is 77879 a composite number?
True
Is 398591 composite?
False
Is 979873 composite?
False
Is 3743 a composite number?
True
Is 35149 a composite number?
False
Is 551 a prime number?
False
Is 15859 a prime number?
True
Is 25877 composite?
True
Is 763081 a prime number?
False
Is 684071 a prime number?
False
Is 1868947 a composite number?
False
Is 13517 composite?
True
Is 551 a prime number?
False
Is 20873 a composite number?
False
Is 7817 composite?
False
Is 1112047 a prime number?
True
Is 34309 a prime number?
False
Is 6631 a composite number?
True
Is 11213 prime?
True
Is 6341 prime?
False
Is 2132513 composite?
False
Is 148969 composite?
True
Is 13367 a composite number?
False
Is 28511 composite?
True
Is 219277 prime?
True
Is 6103 a composite number?
True
Is 4289 a composite number?
False
Is 6073 a composite number?
False
Is 691063 composite?
False
Is 561841 a composite number?
True
Is 86189 prime?
False
Is 29917 prime?
True
Is 649607 a prime number?
False
Is 331 a composite number?
False
Is 205039 prime?
False
Is 96865 composite?
True
Is 732373 a composite number?
False
Is 6229 prime?
True
Is 507233 prime?
False
Is 558463 a composite number?
True
Is 5387 a prime number?
True
Is 438701 a composite number?
False
Is 132943 a composite number?
True
Is 16741 composite?
False
Is 345727 a prime number?
True
Is 1397 a composite number?
True
Is 83671 a composite number?
True
Is 10451 a prime number?
False
Is 108331 prime?
False
Is 1657 composite?
False
Is 2777 a prime number?
True
Is 4271 composite?
False
Is 339839 prime?
True
Is 34109 a composite number?
True
Is 318979 a prime number?
True
Is 263 prime?
True
Is 145339 composite?
True
Is 433439 a composite number?
False
Is 15241 prime?
True
Is 217633 composite?
True
Is 549599 composite?
True
Is 287321 prime?
True
Is 546607 composite?
True
Is 192811 a prime number?
True
Is 16561 a composite number?
False
Is 91847 a composite number?
True
Is 117031 a prime number?
False
Is 22769 composite?
False
Is 13495 prime?
False
Is 315179 prime?
True
Is 15173 a composite number?
False
Is 401707 a composite number?
False
Is 62354 prime?
False
Is 1166213 a composite number?
False
Is 3803 composite?
False
Is 163199 prime?
True
Is 2225143 prime?
False
Is 86069 a composite number?
False
Is 173081 prime?
True
Is 40897 prime?
True
Is 243289 composite?
True
Is 3042043 a prime number?
False
Is 959 prime?
False
Is 24239 a prime number?
True
Is 149395 a composite number?
True
Is 18119 a prime number?
True
Is 46457 a composite number?
False
Is 73751 prime?
True
Is 887 composite?
False
Is 276949 a prime number?
True
Is 24301 composite?
True
Is 108983 a composite number?
True
Is 561907 a composite number?
False
Is 8801 composite?
True
Is 124273 a composite number?
True
Is 21081 a prime number?
False
Is 31451 composite?
True
Is 56063 composite?
True
Is 179153 a prime number?
False
Is 2806255 prime?
False
Is 411893 composite?
True
Is 769623 a prime number?
False
Is 